 the prime factors of 30460917.
3, 71, 83, 1723
List the prime factors of 50097780.
2, 3, 5, 278321
List the prime factors of 348253601.
211, 1650491
List the prime factors of 728405040.
2, 3, 5, 11, 275911
What are the prime factors of 52240954?
2, 1459, 17903
List the prime factors of 78885455.
5, 11, 1434281
What are the prime factors of 193245689?
7, 13, 193, 11003
What are the prime factors of 370477518?
2, 3, 2161, 28573
List the prime factors of 2023912222.
2, 1011956111
List the prime factors of 1032533261.
1032533261
List the prime factors of 54082470.
2, 3, 5, 13, 101, 1373
What are the prime factors of 534306056?
2, 17, 3928721
List the prime factors of 3054275525.
5, 7, 41, 167, 2549
List the prime factors of 122802230.
2, 5, 12280223
What are the prime factors of 810790240?
2, 5, 13, 251, 1553
List the prime factors of 381347459.
19259, 19801
List the prime factors of 30421363.
7, 37, 73, 1609
What are the prime factors of 3042810422?
2, 59, 25786529
List the prime factors of 304506553.
13, 3631, 6451
List the prime factors of 11547505.
5, 17, 73, 1861
List the prime factors of 163320214.
2, 31, 421, 6257
List the prime factors of 49532743.
13, 3810211
List the prime factors of 6124083.
3, 7, 193, 1511
What are the prime factors of 3531937?
17, 373, 557
List the prime factors of 630483446.
2, 315241723
List the prime factors of 1901280852.
2, 3, 52813357
What are the prime factors of 211160570?
2, 5, 17, 1242121
What are the prime factors of 40071175?
5, 23, 227, 307
What are the prime factors of 16967365?
5, 409, 8297
List the prime factors of 24100094.
2, 19, 199, 3187
What are the prime factors of 324297006?
2, 3, 11, 4913591
List the prime factors of 89604635.
5, 29, 617963
What are the prime factors of 217807686?
2, 3, 269, 44983
What are the prime factors of 248990854?
2, 7, 2540723
List the prime factors of 885189953.
7883, 112291
What are the prime factors of 2827935?
3, 5, 11, 29, 197
List the prime factors of 24220210.
2, 5, 7, 49429
List the prime factors of 4224070418.
2, 2112035209
List the prime factors of 2051121009.
3, 7, 17, 293, 19609
What are the prime factors of 3825891514?
2, 17, 101, 419, 2659
List the prime factors of 4789316151.
3, 23, 3391, 6823
List the prime factors of 563605789.
1063, 530203
List the prime factors of 178064768.
2, 7, 198733
List the prime factors of 328758893.
1259, 261127
What are the prime factors of 772527329?
7, 37, 1579, 1889
List the prime factors of 660970310.
2, 5, 7, 11, 13, 9433
List the prime factors of 5351922113.
127, 42141119
List the prime factors of 12915343.
7, 1845049
What are the prime factors of 2369468488?
2, 79, 317, 11827
List the prime factors of 74366487.
3, 13, 73, 8707
What are the prime factors of 303030927?
3, 33670103
What are the prime factors of 16746129?
3, 620227
What are the prime factors of 860941954?
2, 1301, 330877
What are the prime factors of 309568659?
3, 103189553
List the prime factors of 8088347.
181, 44687
What are the prime factors of 119889175?
5, 7, 685081
What are the prime factors of 21582191?
21582191
What are the prime factors of 4129527833?
43, 96035531
List the prime factors of 123070433.
123070433
List the prime factors of 1046164800.
2, 3, 5, 67, 3253
What are the prime factors of 263501324?
2, 101, 239, 2729
What are the prime factors of 90653006?
2, 73, 620911
List the prime factors of 245571458.
2, 11, 11162339
What are the prime factors of 58333735?
5, 11666747
What are the prime factors of 6651313?
433, 15361
What are the prime factors of 218875632?
2, 3, 691, 6599
List the prime factors of 56501488.
2, 3531343
List the prime factors of 4675149328.
2, 17, 1103, 15583
What are the prime factors of 50059378?
2, 25029689
List the prime factors of 4555968798.
2, 3, 17449, 43517
What are the prime factors of 96151201?
17, 23, 245911
List the prime factors of 2759754467.
53, 163, 319453
What are the prime factors of 2782315457?
79, 3623, 9721
List the prime factors of 42820191.
3, 1087, 1459
List the prime factors of 302720736.
2, 3, 53, 59497
List the prime factors of 588879107.
83, 1021, 6949
List the prime factors of 259653880.
2, 5, 83, 197, 397
List the prime factors of 4429510544.
2, 2237, 123757
List the prime factors of 438129393.
3, 13, 11234087
List the prime factors of 272956129.
272956129
What are the prime factors of 640542180?
2, 3, 5, 23, 41, 11321
List the prime factors of 679498880.
2, 5, 1061717
What are the prime factors of 151767374?
2, 11, 79, 87323
What are the prime factors of 2826299?
7, 403757
List the prime factors of 66431153.
23, 2888311
What are the prime factors of 46857758?
2, 733, 31963
What are the prime factors of 4403013478?
2, 53, 353, 117671
What are the prime factors of 980277670?
2, 5, 67, 257, 5693
List the prime factors of 91558396.
2, 17, 1346447
List the prime factors of 37723796.
2, 11, 659, 1301
What are the prime factors of 21489242?
2, 3019, 3559
List the prime factors of 304119804.
2, 3, 25343317
List the prime factors of 23734699.
4567, 5197
List the prime factors of 66212850.
2, 3, 5, 11, 40129
List the prime factors of 3591725993.
41, 87603073
What are the prime factors of 172005465?
3, 5, 83, 138157
List the prime factors of 58636864.
2, 11, 13, 43, 149
What are the prime factors of 226466586?
2, 3, 19, 47, 73, 193
What are the prime factors of 8276554?
2, 11, 13, 43, 673
What are the prime factors of 60752478?
2, 3, 10125413
List the prime factors of 4263779199.
3, 1421259733
What are the prime factors of 274328153?
11, 23, 1084301
What are the prime factors of 86679755?
5, 23, 753737
List the prime factors of 27775272.
2, 3, 7, 29, 5701
List the prime factors of 42862085.
5, 7, 149, 8219
What are the prime factors of 653593387?
29, 22537703
List the prime factors of 12732857.
157, 81101
List the prime factors of 263718768.
2, 3, 691, 7951
List the prime factors of 1980077500.
2, 5, 792031
What are the prime factors of 18583880?
2, 5, 7, 31, 2141
List the prime factors of 196552242.
2, 3, 601, 18169
List the prime factors of 197370394.
2, 13, 7591169
List the prime factors of 5306065286.
2, 19, 1319, 105863
List the prime factors of 9896244.
2, 3, 17, 139, 349
List the prime factors of 215502881.
11, 1151, 17021
What are the prime factors of 485267306?
2, 739, 328327
List the prime factors of 174264205.
5, 34852841
List the prime factors of 398793328.
2, 167, 149249
What are the prime factors of 2353494348?
2, 3, 17, 3845579
List the prime factors of 2968993027.
7, 11, 13, 211, 14057
List the prime factors of 1308559557.
3, 311, 1402529
What are the prime factors of 1665274787?
11, 53, 877, 3257
List the prime factors of 6187578116.
2, 5153, 300193
List the prime factors of 487107393.
3, 162369131
What are the prime factors of 23659072?
2, 369673
List the prime factors of 251182864.
2, 15698929
What are the prime factors of 1954864911?
3, 651621637
List the prime factors of 71399004.
2, 3, 89, 66853
List the prime factors of 1838077397.
13, 67, 733, 2879
What are the prime factors of 1851672102?
2, 3, 7, 44087431
List the prime factors of 58096385.
5, 41, 283397
What are the prime factors of 48302398?
2, 53, 455683
What are the prime factors of 656834361?
3, 79, 83, 33391
What are the prime factors of 555169594?
2, 7, 53, 748207
What are the prime factors of 212451457?
1061, 200237
What are the prime factors of 1296168149?
1087, 1192427
List the prime factors of 65380601.
11, 13, 239, 1913
List the prime factors of 41221667.
41221667
What are the prime factors of 7432824357?
3, 7, 53, 71, 1493
List the prime factors of 626696269.
37, 16937737
List the prime factors of 82917543.
3, 27639181
List the prime factors of 1021417143.
3, 19, 23, 859, 907
List the prime factors of 2409665847.
3, 803221949
List the prime factors of 50893398.
2, 3, 61, 46351
List the prime factors of 170123287.
6133, 27739
List the prime factors of 89218059.
3, 7, 4248479
List the prime factors of 2460528768.
2, 3, 137, 46771
List the prime factors of 11417346.
2, 3, 73, 8689
What are the prime factors of 2042013926?
2, 353, 2892371
List the prime factors of 55652519.
13, 107, 40009
List the prime factors of 11420306.
2, 367, 15559
List the prime factors of 5957847174.
2, 3, 29, 34240501
What are the pr